alculate the highest common factor of p and o.
13
Suppose -2*m + 4*j = 20, m + 0 = -j + 5. Let c = 77 + -49. Suppose m = 2*x + s + c - 73, 2*s = 10. What is the greatest common factor of x and 160?
20
Suppose x + 42 = m - 5*m, -5*x = 4*m + 146. Let a = -16 - x. What is the highest common factor of a and 4?
2
Let p(j) = 2*j**3 - 27*j**2 + 12*j + 17. Let m be p(13). Calculate the greatest common divisor of m and 20.
4
Let p be 18*(135/6)/9. Calculate the greatest common factor of p and 27.
9
Suppose l - 2*c = -0*l + 33, -33 = -l + c. What is the greatest common divisor of l and 22?
11
Let y be ((-12)/(-3))/2 + 58. Suppose 0 = 4*d - 54 + 6. What is the greatest common divisor of d and y?
12
Let j be (-11250)/(-27)*12/10. Suppose j = -3*c + 8*c. Calculate the greatest common factor of c and 20.
20
Suppose 5*f - 159 = -2*s, 0 = -0*s - 4*s + f + 307. Suppose 0 = -5*n + s + 13. Calculate the greatest common divisor of n and 18.
18
Suppose -3*y - 560 = -4*i, -420 = -3*i + 4*y - y. Calculate the highest common divisor of i and 56.
28
Let h = -114 + 58. Let d be (-9)/(-7) + 16/h. Calculate the greatest common factor of d and 3.
1
Suppose -11*x - 20 = -13*x. What is the greatest common factor of x and 90?
10
Let q(x) = -16*x**3 - x**2. Suppose 5*s + 3 = -2. Let z be q(s). Let c = 0 + 3. Calculate the greatest common factor of z and c.
3
Suppose j - v - 4 = -3*j, -j - 18 = -5*v. Suppose f + 7 = -j. Let r = 27 - f. Calculate the highest common factor of r and 9.
9
Suppose -5*j + 2*o - o + 103 = 0, 3*j - 2*o = 66. Suppose 3*v - j = 2*v. Calculate the greatest common divisor of 2 and v.
2
Suppose 4*h + 4*g - 168 = 0, h + 4*g = 7*g + 50. Calculate the highest common divisor of h and 33.
11
Let j be 24/40 + 6/(-10). Suppose -2*r + j*b = -b - 11, -5*b = -4*r + 31. What is the greatest common factor of 2 and r?
2
Suppose -245 = -0*j + 5*j. Let p = j - -69. What is the highest common factor of 5 and p?
5
Let q(n) = n**3 - n**2 - n - 3. Let u be q(3). Let o be 3/(6*(-2)/(-8)). Suppose o*c - 264 = -0*c. What is the highest common divisor of u and c?
12
Suppose 0*b - 2*b = 14. Let s = b - -17. Suppose p - 236 = -3*o, 2*o - 162 = 3*p + s. What is the greatest common factor of o and 32?
16
Let h(s) = 3*s**3 + 2*s**2 - 5*s + 4. Let k be h(2). Suppose 0 = -2*m + 462 - 42. Let t = m - 145. What is the greatest common factor of k and t?
13
Suppose -t = -4*o - 528, t + 2112 = 5*t - 2*o. Calculate the highest common divisor of 48 and t.
48
Let h = 5 + -2. Let x be (-10)/(-6)*h/(-1). Let o(w) = w**3 + 5*w**2 - 2*w - 1. Let s be o(x). Calculate the highest common divisor of 27 and s.
9
Suppose -3*m - 123 = -5*j, 0 = -4*m - 4 - 0. Calculate the greatest common divisor of 12 and j.
12
Suppose 7*u + 165 = 2*u. Let o(f) = f**3 - 5*f**2 + 2*f + 5. Let h be o(6). Let t = h + u. Calculate the greatest common divisor of t and 20.
20
Let f(q) = 3*q - 6. Let v be f(4). Let k be 3/9 - 32/v. Let a(t) = 7*t**2 + t + 6. Let g be a(k). Calculate the greatest common divisor of 16 and g.
16
Let a be (315/75)/(16/15 - 1). What is the highest common divisor of a and 7?
7
Suppose 3*d + 4*t - 6 = 0, 4*d - 8 = -0*d + t. Calculate the greatest common divisor of 6 and d.
2
Suppose 18 + 0 = 3*b. Suppose -h = -4*j + 14 + 18, -5*h = -j + 198. Let r be h/b*72/(-30). Calculate the highest common divisor of r and 24.
8
Let s = -121 + 150. Calculate the greatest common factor of s and 145.
29
Let u = 129 - 122. What is the highest common factor of 35 and u?
7
Suppose 4*d = 4*s - 8, 2*d + 5*s = 15 + 2. Let t = d + 4. Suppose -3*q = t*b - 75, -4*q = -4*b - 80 + 12. What is the highest common divisor of 140 and q?
20
Let q(t) = 35*t + 11. Let y be q(3). What is the greatest common factor of y and 29?
29
Suppose -2*p + 28 = z, 4*z + p = 2*p + 148. Suppose m - 4*m = -z. Suppose -4*b + 27 = -8*s + 3*s, 20 = 3*b - 4*s. What is the highest common divisor of b and m?
4
Let q = -27 - -29. Calculate the greatest common divisor of 1 and q.
1
Let j = 78 - -186. What is the greatest common factor of 33 and j?
33
Suppose 2*w = 1 - 5. Let m be (3 + -25)*15/w. What is the greatest common divisor of m and 15?
15
Let u(t) = t**2 - 4*t. Let g be u(6). Calculate the highest common factor of 36 and g.
12
Let c = -6 - -9. Suppose 0 = -c*k + 370 + 8. Suppose 0 = -5*r + o + 65, 0 = 2*o - 0*o - 10. What is the greatest common divisor of r and k?
14
Suppose 2*y - w - 190 = -0*w, 5*y - 476 = 3*w. Suppose o + 3*v = v + 26, 5*o - 2*v = y. Calculate the greatest common factor of o and 140.
20
Let a(n) = 5*n**2 - 6*n - 9. Let b be a(-3). What is the highest common divisor of 36 and b?
18
Let s = -13 + 173. Calculate the greatest common factor of s and 64.
32
Let i(y) = -1. Let o be 2/9 + 29/(-9). Let z(q) = -6*q + 8. Let p(d) = o*i(d) + z(d). Let m be p(-9). Calculate the highest common factor of 13 and m.
13
Let z(l) = l**3 + 8*l**2 - 2*l + 1. Suppose -b - 38 = -4*p - 0*b, p = -2*b + 5. Let g = -16 + p. Let y be z(g). What is the highest common divisor of 8 and y?
8
Let s be 220/(-8)*4/(-5). Suppose -5*g + v + 19 = 0, -2*g = -5*g + 3*v + 9. Suppose 110 = g*j - 3*j. What is the greatest common divisor of s and j?
22
Suppose -3*q + 6 = -4*x - 0*x, -3 = -q + x. Suppose q*h - 5*h - 1 = 0. Let t be 38 - ((-2)/h - -2). Calculate the greatest common factor of t and 57.
19
Suppose 49 = 4*b - 315. Calculate the greatest common divisor of b and 7.
7
Let p = 1 - -5. Let c(t) = t**2 - t + 13. Let x be c(0). Suppose -5*u - 5 = 5*r, -3*r - 3*u = -4*u - x. What is the highest common factor of p and r?
3
Let w(i) = 2*i**3 - 5*i**2 + 3*i - 2. Let y be w(3). Let k = -18 + 8. Let h be (24/k)/(6/(-100)). Calculate the greatest common divisor of h and y.
8
Let n = -44 - -45. What is the greatest common factor of n and 8?
1
Let g = 8 - 4. Suppose 3*a - 3*q = -53 + 656, g*q = -4*a + 780. What is the highest common divisor of a and 18?
18
Let l = 14 - 12. Let n(q) = -q**2 + q - 1. Let x(c) = 2*c**2 + 2*c + 2. Let p(a) = 3*n(a) + x(a). Let h be p(l). What is the greatest common factor of 55 and h?
5
Let m(y) = 11*y**2 + 13*y + 12. Let f be m(-6). Calculate the greatest common divisor of 30 and f.
30
Suppose q + 4*z - 22 = 5*z, 5*z + 30 = q. What is the greatest common divisor of q and 2?
2
Suppose 2*q = -g - 5 + 18, 0 = -2*g - q + 29. What is the greatest common divisor of 6 and g?
3
Let z(y) = -y + 1. Let k be z(1). Let g be (k - 1/1)*-91. What is the greatest common divisor of 13 and g?
13
Suppose -22*d + 93 + 347 = 0. Calculate the highest common factor of 4 and d.
4
Let z = 36 - 22. Calculate the highest common factor of 21 and z.
7
Suppose 58 = 3*z - 2*p, -4*z - 2*p = -p - 81. Suppose -2*u = -5 + 1. Calculate the highest common factor of z and u.
2
Let f(g) = -g + 1. Let l be f(-2). Let q(u) = u**2 - 4*u + 2. Let s be q(4). Let c be ((-3)/s)/(l/(-42)). What is the greatest common divisor of c and 3?
3
Suppose -4*o - 4*d = -56, -3*o + 6*o + 5*d - 42 = 0. Let c(s) = -s + 1. Let x be c(-1). Suppose -x + o = k. What is the highest common factor of k and 2?
2
Let o be 35 + -5 + (4 - 3). Calculate the greatest common divisor of o and 341.
31
Let p(l) = l + 18. Let d be p(-6). Calculate the highest common factor of d and 6.
6
Let j(r) = r**2 + 6*r + 9. Let q be j(-5). What is the highest common factor of q and 4?
4
Let i(r) = -171*r**3 + r**2 + r. Let m be i(-1). Suppose 2*w - 42 = -z, 0 = 4*w + 4*z - 87 - 5. What is the highest common factor of w and m?
19
Suppose -8 = -0*g - 2*g. Suppose 0*z + 457 = g*z - 3*m, -3*m = 2*z - 233. What is the highest common factor of 46 and z?
23
Suppose -5*m + 2*x + 313 = 55, 0 = -5*x - 20. Let s(r) = -9*r**3 - r**2 - 6*r - 5. Let c be s(-2). What is the greatest common factor of m and c?
25
Let a(c) = c**3 - 12*c**2 + 11*c + 2. Let l be a(11). Suppose l*s - 12 = -2*q, 5*q - 7 = 4*s + 23. Calculate the greatest common factor of 48 and q.
6
Suppose 0 = -10*u + 5*u + 65. Let v be (-3)/18*2*-6. Suppose 5*i = v*r + 2, 0 = 3*i + 5*r - u - 13. Calculate the highest common divisor of i and 5.
1
Suppose 0 = 4*x + 21 + 31. Suppose 10 = 2*z - 5*o, -3*o - 6 = -2*z + o. Let v = z - x. Calculate the highest common factor of 12 and v.
4
Let q = 5 + -2. Let v be (-14)/6 + 2 + (-768)/(-36). Calculate the greatest common divisor of v and q.
